{"id":1077,"date":"2017-06-30T10:37:41","date_gmt":"2017-06-30T10:37:41","guid":{"rendered":"http:\/\/block1898.de\/?page_id=1077"},"modified":"2023-03-29T11:58:44","modified_gmt":"2023-03-29T11:58:44","slug":"suedtribuene","status":"publish","type":"page","link":"http:\/\/block1898.de\/?page_id=1077","title":{"rendered":"S\u00dcDTRIB\u00dcNE"},"content":{"rendered":"<p><a href=\"http:\/\/block1898.de\/wp-content\/uploads\/2017\/06\/suedtribuene2.jpg\"><img decoding=\"async\" loading=\"lazy\" class=\"aligncenter size-full wp-image-1085\" src=\"http:\/\/block1898.de\/wp-content\/uploads\/2017\/06\/suedtribuene2.jpg\" alt=\"suedtribuene2\" width=\"1200\" height=\"355\" srcset=\"http:\/\/block1898.de\/wp-content\/uploads\/2017\/06\/suedtribuene2.jpg 1200w, http:\/\/block1898.de\/wp-content\/uploads\/2017\/06\/suedtribuene2-300x89.jpg 300w, http:\/\/block1898.de\/wp-content\/uploads\/2017\/06\/suedtribuene2-1024x303.jpg 1024w\" sizes=\"(max-width: 1200px) 100vw, 1200px\" \/><\/a><\/p>\n<p><strong>Geschichte<\/strong><br \/>\nMit der Saison 2016\/2017 ver\u00e4nderten sich die Gegebenheiten am B\u00f6llenfalltor grundlegend. Durch den Aufstieg bis in die Bundesliga und der hohen Ticket-Nachfrage entschieden Stadt und Verein gemeinsam eine Ert\u00fcchtigung der Nord- und S\u00fcdkurve durch \u00fcberdachte Stahlrohrtrib\u00fcnen. W\u00e4hrend im Norden mehr Sitzpl\u00e4tze entstanden, wurde im S\u00fcden die erste \u00fcberdachte Stehtrib\u00fcne hinterm Tor am B\u00f6llenfalltor gebaut. Dadurch, dass der bisherige Stimmungsblock auf der Haupttrib\u00fcne au\u00dfen zu finden war und dort mit einer Kapazit\u00e4t von rund 750 Fans deutlich an seine Grenzen stie\u00df, entschieden sich die aktiven Gruppen f\u00fcr einen Umzug hinters Tor um zuk\u00fcnftig von dort aus die Lilien zu unterst\u00fctzen. Der &#8222;Block1898&#8220; wurde also zum Mittelblock auf der neuen &#8222;S\u00fcdtrib\u00fcne Darmstadt&#8220;, die mit ihrer heterogenen Zusammensetzung einigen Anlauf brauchte um das hier schlummernde Potenzial zu erwecken.<\/p>\n<p><strong>Ziele<\/strong><br \/>\nWir sehen in der S\u00fcdtrib\u00fcne nicht nur einen kurzfristigen Standort, sondern wollen alle M\u00f6glichkeiten aussch\u00f6pfen um auch langfristig hier f\u00fcr kommende Generationen von Heinern das Stimmungszentrum bei Heimspielen zu bilden. F\u00fcr eine m\u00f6glichst laute und breite Unterst\u00fctzung \u00fcber die komplette L\u00e4nge ben\u00f6tigt es einen starken Zusammenschluss aus allen Fans, Ultras, Kutten, Fan-Clubs, Hools und weiteren Str\u00f6mungen und Zusammenschl\u00fcssen auf der S\u00fcd. Die gemeinsame Leidenschaft f\u00fcr Blau-Wei\u00df soll der Nenner sein, mit dem wir in jedem Spiel gemeinsam unser Bestes geben um das B\u00f6lle weiterhin zu uneinnehmbaren Festung werden zu lassen. Dabei sind die aktiven Gruppen im mittleren der treibende Motor, allerdings nicht allein f\u00fcr die Stimmung verantwortlich. Auch die Au\u00dfenbl\u00f6cke in S1 und S2 sind essentiell wichtig f\u00fcr einen lautstarken Support und damit Lieder von der S\u00fcd ins restliche Stadion \u00fcberspringen. Das Ziel ist es, die Stimmung, die Choreos und das Bild der S\u00fcdtrib\u00fcne immer weiter zu verbessern und niemals Stillstand oder R\u00fcckschritte in der Entwicklung eintreten lassen. Daf\u00fcr sind einige grundlegende Dinge essentiell:<\/p>\n<ul>\n<li>Wir alle geben genau das, was wir von den Spielern auf dem Rasen verlangen: <strong>1898% f\u00fcr den Sportverein!<\/strong> Gerade wenn es mal nicht so l\u00e4uft, sind wir gefragt der Mannschaft den entscheidenden Impuls zu geben, um ein Spiel noch drehen zu k\u00f6nnen.<\/li>\n<li>Die S\u00fcdtrib\u00fcne ist der unverzichtbare Motor f\u00fcr die unverwechselbare Stimmung am B\u00f6lle. Wer hier steht, sollte sich dessen bewusst sein. Wir unterst\u00fctzen unseren Verein mit allen g\u00e4ngigen Mitteln der Fankultur &#8211; Ges\u00e4nge, Fahnen, Choreografien, etc. &#8211; kurzfristige <strong>Sichtbehinderungen<\/strong> sind daher unumg\u00e4nglich und sollten dementsprechend (gerade im mittleren Block1898) akzeptiert werden.<\/li>\n<li>Ein <strong>respektvoller Umgang<\/strong> miteinander. Meinungsverschiedenheiten und Probleme werden in Darmst\u00e4dter Art im konstruktiven Dialog gekl\u00e4rt. Das gilt f\u00fcr alle Parteien und in alle Richtungen!<\/li>\n<li>Wir bitten darum das Filmen und Fotografieren mit euren <strong>Smartphones<\/strong> zu unterlassen und diese in keinem Fall (!!!) ins Internet zu stellen. Zum einen ben\u00f6tigt ihr f\u00fcr den Support beide H\u00e4nde, zum anderen kann am Ende keiner etwas mit verwackelten Handy-Videos anfangen. Wir bem\u00fchen uns von den Spielen immer gute Fotos und auch mal Videos online zur Verf\u00fcgung zu stellen. Ein weiterer Grund gegen private Handy-Aufnahmen ist das Pers\u00f6nlichkeitsrecht jedes anderen Fans. Respektiert dieses bitte uneingeschr\u00e4nkt!<\/li>\n<li>Ein weiterer wichtiger Punkt ist <strong>\u00fcberm\u00e4\u00dfiger Alkohol-Konsum<\/strong> auf der S\u00fcd. Bier und andere Dinge geh\u00f6ren sicherlich zum Fu\u00dfballerlebnis dazu. Wer seine Grenzen allerdings nicht kennt, l\u00e4uft schnell Gefahr ein unw\u00fcrdiges Bild f\u00fcr unseren Verein abzugeben. Leute, die am Bierstand aktiv sind und in der S\u00fcd dann nichts mehr auf die Reihe kriegen, weil sie zu besoffen sind, sind hier falsch!<\/li>\n<li>Auch auf der S\u00fcdtrib\u00fcne gilt &#8211; <strong>Kein Platz f\u00fcr Rassismus!<\/strong> Das hat nichts politischen Vorgaben, sondern mit gesundem Menschenverstand, den Werten und der Historie unseres Vereins zu tun.<\/li>\n<\/ul>\n<p><strong>F\u00f6rdermitgliedschaft S\u00fcdtrib\u00fcne Darmstadt e.V.<br \/>\n<\/strong><em>Alle Infos und den Online-Antrag zur F\u00f6rdermitgliedschaft der S\u00fcdtrib\u00fcne findest du <a href=\"http:\/\/block1898.de\/?page_id=2071\">HIER<\/a><\/em><\/p>\n<p>Bei Fragen schreibt uns einfach eine Mail an <a href=\"mailto:suedtribuene@block1898.de\">suedtribuene@block1898.de<\/a> oder fragt unsere Ansprechpartner vor Heimspielen am Stand.<\/p>\n<p><strong>IMMER VORW\u00c4RTS S\u00dcDTRIB\u00dcNE!<\/strong><br \/>\n<strong>IMMER VORW\u00c4RTS LILIEN!<\/strong><a href=\"http:\/\/block1898.de\/wp-content\/uploads\/2023\/03\/Sued_Logo_rund.pdf\"><img decoding=\"async\" loading=\"lazy\" class=\"aligncenter wp-image-1902 size-full\" src=\"http:\/\/block1898.de\/wp-content\/uploads\/2023\/03\/Sued_Logo_rund-pdf.jpg\" alt=\"\" width=\"504\" height=\"504\" \/><\/a><\/p>\n","protected":false},"excerpt":{"rendered":"<p>Geschichte Mit der Saison 2016\/2017 ver\u00e4nderten sich die Gegebenheiten am B\u00f6llenfalltor grundlegend. Durch den Aufstieg bis in die Bundesliga und der hohen Ticket-Nachfrage entschieden Stadt und Verein gemeinsam eine Ert\u00fcchtigung der Nord- und S\u00fcdkurve durch \u00fcberdachte Stahlrohrtrib\u00fcnen. W\u00e4hrend im Norden mehr Sitzpl\u00e4tze entstanden, wurde im S\u00fcden die erste \u00fcberdachte Stehtrib\u00fcne hinterm Tor am B\u00f6llenfalltor gebaut. &#8230;<\/p>\n","protected":false},"author":2,"featured_media":0,"parent":0,"menu_order":0,"comment_status":"closed","ping_status":"closed","template":"","meta":[],"_links":{"self":[{"href":"http:\/\/block1898.de\/index.php?rest_route=\/wp\/v2\/pages\/1077"}],"collection":[{"href":"http:\/\/block1898.de\/index.php?rest_route=\/wp\/v2\/pages"}],"about":[{"href":"http:\/\/block1898.de\/index.php?rest_route=\/wp\/v2\/types\/page"}],"author":[{"embeddable":true,"href":"http:\/\/block1898.de\/index.php?rest_route=\/wp\/v2\/users\/2"}],"replies":[{"embeddable":true,"href":"http:\/\/block1898.de\/index.php?rest_route=%2Fwp%2Fv2%2Fcomments&post=1077"}],"version-history":[{"count":5,"href":"http:\/\/block1898.de\/index.php?rest_route=\/wp\/v2\/pages\/1077\/revisions"}],"predecessor-version":[{"id":2126,"href":"http:\/\/block1898.de\/index.php?rest_route=\/wp\/v2\/pages\/1077\/revisions\/2126"}],"wp:attachment":[{"href":"http:\/\/block1898.de\/index.php?rest_route=%2Fwp%2Fv2%2Fmedia&parent=1077"}],"curies":[{"name":"wp","href":"https:\/\/api.w.org\/{rel}","templated":true}]}}